{"id":2734,"date":"2017-01-31T21:23:57","date_gmt":"2017-01-31T20:23:57","guid":{"rendered":"http:\/\/dits.hr\/?page_id=2734"},"modified":"2024-05-01T15:08:39","modified_gmt":"2024-05-01T13:08:39","slug":"kameni-stuppil-u-gabrovici-2002","status":"publish","type":"page","link":"http:\/\/dits.hr\/?page_id=2734","title":{"rendered":"Kameni stup\/pil u Gabrovici"},"content":{"rendered":"<p><strong><span style=\"font-family: helvetica, arial, sans-serif; font-size: 12pt;\">Kameni stup\/pil u Gabrovici (2002.)<\/span><\/strong><\/p>\n<p><span style=\"font-family: helvetica, arial, sans-serif; font-size: 12pt;\">DITS 2002. godine obnavlja spomen stup iz 1893. godine uz pomo\u0107 donatora. Originalni stup je postavljen povodom zavr\u0161etka gradnje ceste na \u017dumberku, koja je gra\u0111ena od 1884. \u2013 1893. godine.<\/span><\/p>\n<p><img loading=\"lazy\" decoding=\"async\" class=\"aligncenter wp-image-26 size-large\" src=\"http:\/\/dits.hr\/wp-content\/uploads\/2014\/09\/pil-1024x703.jpg\" width=\"1024\" height=\"703\" srcset=\"http:\/\/dits.hr\/wp-content\/uploads\/2014\/09\/pil.jpg 1024w, http:\/\/dits.hr\/wp-content\/uploads\/2014\/09\/pil-300x206.jpg 300w\" sizes=\"auto, (max-width: 1024px) 100vw, 1024px\" \/><\/p>\n","protected":false},"excerpt":{"rendered":"<p>Kameni stup\/pil u Gabrovici (2002.) DITS 2002. godine obnavlja spomen stup iz 1893. godine uz pomo\u0107 donatora. Originalni stup je postavljen povodom zavr\u0161etka gradnje ceste na \u017dumberku, koja je gra\u0111ena od 1884. \u2013 1893. godine.<\/p>\n","protected":false},"author":1,"featured_media":0,"parent":21,"menu_order":0,"comment_status":"closed","ping_status":"closed","template":"","meta":{"footnotes":""},"class_list":["post-2734","page","type-page","status-publish","hentry","post"],"_links":{"self":[{"href":"http:\/\/dits.hr\/index.php?rest_route=\/wp\/v2\/pages\/2734","targetHints":{"allow":["GET"]}}],"collection":[{"href":"http:\/\/dits.hr\/index.php?rest_route=\/wp\/v2\/pages"}],"about":[{"href":"http:\/\/dits.hr\/index.php?rest_route=\/wp\/v2\/types\/page"}],"author":[{"embeddable":true,"href":"http:\/\/dits.hr\/index.php?rest_route=\/wp\/v2\/users\/1"}],"replies":[{"embeddable":true,"href":"http:\/\/dits.hr\/index.php?rest_route=%2Fwp%2Fv2%2Fcomments&post=2734"}],"version-history":[{"count":2,"href":"http:\/\/dits.hr\/index.php?rest_route=\/wp\/v2\/pages\/2734\/revisions"}],"predecessor-version":[{"id":4434,"href":"http:\/\/dits.hr\/index.php?rest_route=\/wp\/v2\/pages\/2734\/revisions\/4434"}],"up":[{"embeddable":true,"href":"http:\/\/dits.hr\/index.php?rest_route=\/wp\/v2\/pages\/21"}],"wp:attachment":[{"href":"http:\/\/dits.hr\/index.php?rest_route=%2Fwp%2Fv2%2Fmedia&parent=2734"}],"curies":[{"name":"wp","href":"https:\/\/api.w.org\/{rel}","templated":true}]}}